- 9*m, -j + 10 = -4*m. Suppose -53 = l - 46. What is the units digit of ((-2)/j)/(l/(-42))?
2
Let c = -1342 + 820. Let d = -336 - c. What is the hundreds digit of d?
1
Let g(f) = f**3 + 14*f**2 - f - 9. Let a be g(-14). Let l(q) = -q**3 + 6*q**2 + q + 5. What is the tens digit of l(a)?
3
Let r(w) = w**3 + 33*w**2 + 46*w + 32. What is the tens digit of r(-31)?
2
Let x(z) = -14 - 6*z**2 - 6*z + 14. Let v be x(-4). Let a = v + 119. What is the units digit of a?
7
Let f = 22 - 20. Let m be (-2)/(-10) + 3048/60. Suppose 0*o = f*b + 3*o - m, -o = 3*b - 66. What is the units digit of b?
1
What is the hundreds digit of ((-6280)/3)/(-5) + 2/(-3)?
4
Suppose 10*h + 313 = -367. Let v = 72 - h. What is the units digit of v?
0
Let p(n) = n**3 + 6*n**2 + 8*n + 6. Let m be p(-5). Suppose -46 = -5*a + 3*q, -36 = -3*a - 2*q + q. Let l = a + m. What is the units digit of l?
2
Suppose 0*x - 1972 = 4*x. Let c = -141 - x. Suppose -5*b = 3*b - c. What is the units digit of b?
4
Suppose 4*v - v = 0. Suppose 2*k + 2 = 0, -3*s - k + v*k = 16. What is the tens digit of s/15 + (-67)/(-3)?
2
Let c = -135 - -289. Let h = -66 + c. What is the units digit of h?
8
Let n(i) = i**3 - 4*i**2 + i - 8. Let o be n(4). What is the tens digit of o*(325/20)/(-5)?
1
Let i(f) = -f**3 - 12*f**2 - 12*f + 12. Let t = -9 + 11. Suppose 0 = -z - t*z - 33. What is the tens digit of i(z)?
2
Suppose -336 = 9*i - i. Let r = 74 + i. What is the units digit of r?
2
Let k(g) = -g**3 + 10*g**2 - 8*g - 3. Let b be ((-5)/(-4) + 0)/((-3)/(-12)). What is the units digit of k(b)?
2
Let b(q) = -q**2 + 21*q - 3. Let k be b(21). Let u(d) = -22*d + 5. What is the tens digit of u(k)?
7
Let p(s) = 2*s**3 - 5*s**2 + 5*s - 2. Let r be p(2). Let x = -48 + 67. Suppose -r*t + x = -33. What is the tens digit of t?
1
Let u be (18/(-4))/(6/(-56)). Let o(t) = 23*t + 156. Let b be o(-6). Let x = u - b. What is the tens digit of x?
2
Let r = 3016 + -1852. What is the tens digit of r?
6
Suppose 10*w + 6608 - 31718 = 0. What is the units digit of w?
1
Let a(v) = v**2 - 6*v - 11. Let z be 2/7 + (864/28)/(-3). What is the tens digit of a(z)?
4
What is the units digit of (-147)/(-2) - (7/(-2) - -3)?
4
Suppose -k = -4*k + 6, 4*a = 5*k + 718. What is the hundreds digit of a?
1
Let z(g) be the third derivative of -1/12*g**4 + g**2 + 0 + 0*g - 1/6*g**3. What is the units digit of z(-5)?
9
Let h(l) = 51*l + 611. What is the tens digit of h(-10)?
0
Let d(l) = l**3 + 2*l**2 - 7*l + 1. Let b be d(-4). What is the tens digit of b + -4 + 3 - -46?
4
Suppose 4*q + 18 = 2*q. Let h(r) = -r**2 + r. Let c(w) = w**3 + 4*w**2 + w. Let z(t) = c(t) - 5*h(t). What is the tens digit of z(q)?
3
Let u(a) = -a**3 - 4*a**2 - 2*a - 5. Let j be 0/(-9) - 4/1. Let v be u(j). Suppose 4*d - 35 = -l + 2*d, v*l - 3*d - 105 = 0. What is the tens digit of l?
3
Let t(n) = 4*n**2 + 2*n - 593. What is the tens digit of t(36)?
6
Suppose 12 = 4*c + d - 4, 0 = 3*d. Suppose 130 = c*u - 2. What is the tens digit of u?
3
What is the tens digit of (19 - (-1703)/(-91)) + (-18210)/(-14)?
0
Suppose 0 = -s - 4*j + j - 6, -4*s + 4 = 5*j. Suppose 4*i - 3*c - 928 = 0, s*c - c + 707 = 3*i. What is the units digit of i?
9
Let b = -76 + 152. Suppose 3*y + 0*t = t + 228, y - b = 3*t. What is the tens digit of y?
7
Suppose 5*v - 570 = h + 2*h, 5*v + 2*h - 595 = 0. What is the hundreds digit of v?
1
Suppose -363 + 2443 = 5*m. What is the units digit of m?
6
Let g be ((-6)/10)/((-3)/15). Suppose 5*j = 4*s + 253, 3*j - g*s - 157 = 2*s. What is the tens digit of j?
4
Let d be (13 + -1)/((-2)/(-3)). Suppose -a = -4*a + d. Suppose 0 = s + 4*r - 5, 2 + a = -4*r. What is the tens digit of s?
1
Let n(v) = -v**3 - 16*v**2 + 82*v + 139. What is the thousands digit of n(-27)?
5
Let b(o) be the first derivative of 11*o**2/2 - 27*o + 18. What is the units digit of b(17)?
0
Suppose 5*f + c = -12, -4*f = -3*c + 4 + 17. What is the tens digit of 3/(6/(-474)*f)?
7
Let t be 314/8 - (-4)/(-16). Let a = t + -12. What is the tens digit of a?
2
What is the tens digit of (28/(-98) + (-258)/28)*-42?
9
Let d be 3 + (2 - (0 + 0)). Suppose 2*o - 7 = d*q, -4*q + 9*q - 48 = -3*o. What is the units digit of (-33)/o + (-74)/(-2)?
4
Let m be (-788)/((-4)/(3 + 1)). Suppose -12 = -10*k + m. What is the units digit of k?
0
Let n(k) = -k**2 + 7*k - 6. Let t be n(5). Suppose -t*c - 3*j = -3*c - 3, -5*c = 3*j - 15. What is the units digit of 82/c - (-10)/(-30)?
7
Suppose 2*h - 3 = 5. Suppose -5*k + 2*k - 5*d = -158, -2*k = -h*d - 120. Suppose k = -8*w + 12*w. What is the units digit of w?
4
Let a be (-5)/2*(-23490)/75. Suppose 4*x + 0*x - 1305 = -5*i, -5*x + a = 3*i. What is the units digit of i?
1
Let s = 215 - 123. Suppose -3*x + s = -x. What is the tens digit of x?
4
Let h be -3 - ((-1)/2)/(3/90). What is the units digit of 8/h + 147/9?
7
Let d(y) = y**2 - 7*y + 10. Let b(m) = m**2 + m + 5. Let u be b(0). Suppose -3 = u*l - 48. What is the units digit of d(l)?
8
Let g(o) = -3*o - 9. Let z be g(3). Let a = 12 - z. What is the units digit of a?
0
Let j = 394 - 141. Let n = j - 155. What is the tens digit of n?
9
Suppose -11*t + 3*l = -14*t, 0 = t + 2*l + 2. Suppose -5*y = 6*k - k - 30, -t*y = -k - 18. What is the units digit of y?
8
What is the units digit of ((-42)/(-35))/((-4)/(-1790))?
7
Let x = 934 + -284. What is the units digit of x?
0
Let y = -355 - -838. What is the units digit of y?
3
Suppose 3*y + 73 = 103. Suppose -4*d - 5*w = -197, -d + y = -5*w - 8. What is the units digit of d?
3
Let x = 274 + -156. What is the tens digit of x?
1
Suppose -5*x = -d + 459, 4*d - 2*x - 914 - 940 = 0. What is the hundreds digit of d?
4
Suppose 0 = -0*x - 4*x + 1292. Suppose -n - 5*l + 95 = 0, 0 = -4*n - 2*l - 15 + x. What is the units digit of n?
5
What is the units digit of (-21)/(-49) + (-10676)/(-14)?
3
Let i = 4 + 0. Let p(n) = 9*n - 18. What is the tens digit of p(i)?
1
Let m(q) = q**3 + 10*q**2 + 10*q - 2. Let s be m(-9). Let g = -1 - s. What is the tens digit of g?
1
What is the tens digit of -6025*8/(-40) + (4 - -1)?
1
Let y = 1438 - 449. What is the hundreds digit of y?
9
Suppose 4*x = -2*w - 8, -3*x + 3 + 5 = 5*w. What is the tens digit of 67 - (-10 + 2)/x?
6
Let x(c) = 138*c**2 - 7*c - 31. What is the thousands digit of x(-3)?
1
Suppose 0 = -123*d + 127*d - 1780. What is the tens digit of d?
4
Suppose 4*i + 287 = 3*g + 24, -2*i = -g + 133. Let w = 230 + i. What is the hundreds digit of w?
1
Let f be 2/3 + (-56)/12. Let o = -8 + f. Let l = 31 + o. What is the tens digit of l?
1
Suppose 3*r - 39 = -9. Let q be 80 + (-5)/(r/(-4)). Suppose 3*v = q - 4. What is the tens digit of v?
2
Let m = -635 + 442. Let t = 338 + m. Suppose 0 = -i + 6*i - t. What is the units digit of i?
9
Let v = -2 + 2. Let x(m) = -m**2 + 2*m + 50. Let l be x(8). Suppose l*i + v*i - 54 = 0. What is the tens digit of i?
2
Suppose -35*m - 1029 = -42*m. What is the hundreds digit of m?
1
Let u(j) = -j + 20. Let m be u(16). Suppose 0 = -3*d + a + 282, 6*a - 6 = m*a. Let f = -23 + d. What is the units digit of f?
2
Suppose -547 = -2*z - 145. Suppose 4*r - z = -5*g + 121, -3*g - r + 196 = 0. Suppose -g = -2*i + 34. What is the units digit of i?
0
Let y = 5500 - 2175. Suppose 17*g = y + 534. What is the hundreds digit of g?
2
Let u = -77 + 443. Suppose -2*w + 5*w = u. What is the units digit of w?
2
Let h(t) = 39*t**2 - 4*t**2 + 2 - 3 - 2*t**2. What is the tens digit of h(-1)?
3
Suppose y + 3*t - 283 = 0, 13*y = 8*y - 5*t + 1405. What is the units digit of y?
0
Let x = -2442 - -3900. Suppose -25*v + x = -19*v. What is the hundreds digit of v?
2
Let j be (2/(-4))/(5/(-20)). Suppose 0 = -2*w + 3*c + 64, -j*w = -5*c + 14 - 86. Let q = w + -9. What is the tens digit of q?
1
Suppose 4*b = 6*b. Let o(q) = -q**3 + 163. Let i be o(b). Suppose -5*n = 3*y + y - i, -95 = -3*n - y. What is the tens digit of n?
3
Let y be ((-5 - 1)/((-16)/(-24)))/1. What is the units digit of 2/4*(-954)/y?
3
Let m be 2/(0 - 1) + 4. Suppose 0*s + 4*s - 3*f - 242 = 0, m*s - 3*f = 124. Suppose k + 175 = 6*k - 4*g, -k = 4*g - s. What is the tens digit of k?
3
Let q(m) = 25*m**2 + 12*m - 23. What is the hundreds digit of q(5)?
6
Let c = -220 + 235. What is the units digit of c?
5
Let b = 8 + -5. Suppose 2*h = 4*h + 4*g + 16, -3*h = 2*g + 8. What is the tens digit of 58/(b - (1 + h))?
2